{"id":83,"date":"2023-08-01T09:14:50","date_gmt":"2023-08-01T07:14:50","guid":{"rendered":"https:\/\/themedox.com\/gerow\/?page_id=83"},"modified":"2024-01-23T23:09:26","modified_gmt":"2024-01-23T22:09:26","slug":"servicios","status":"publish","type":"page","link":"https:\/\/www.aesconsulting.net\/?page_id=83","title":{"rendered":"Servicios"},"content":{"rendered":"\t\t<div data-elementor-type=\"wp-page\" data-elementor-id=\"83\" class=\"elementor elementor-83\">\n\t\t\t\t\t\t\t\t\t<section class=\"elementor-section elementor-top-section elementor-element elementor-element-f1eb5ad elementor-section-boxed elementor-section-height-default elementor-section-height-default\" data-id=\"f1eb5ad\" data-element_type=\"section\" data-settings=\"{&quot;background_background&quot;:&quot;classic&quot;}\">\n\t\t\t\t\t\t<div class=\"elementor-container elementor-column-gap-no\">\n\t\t\t\t\t<div class=\"elementor-column elementor-col-100 elementor-top-column elementor-element elementor-element-cc7ae77\" data-id=\"cc7ae77\" data-element_type=\"column\">\n\t\t\t<div class=\"elementor-widget-wrap elementor-element-populated\">\n\t\t\t\t\t\t\t\t<section class=\"elementor-section elementor-inner-section elementor-element elementor-element-2c4d885 elementor-section-full_width elementor-section-content-middle elementor-section-height-default elementor-section-height-default\" data-id=\"2c4d885\" data-element_type=\"section\">\n\t\t\t\t\t\t<div class=\"elementor-container elementor-column-gap-no\">\n\t\t\t\t\t<div class=\"elementor-column elementor-col-50 elementor-inner-column elementor-element elementor-element-5f1b90a\" data-id=\"5f1b90a\" data-element_type=\"column\">\n\t\t\t<div class=\"elementor-widget-wrap elementor-element-populated\">\n\t\t\t\t\t\t\t\t<div class=\"elementor-element elementor-element-d7273d4 elementor-widget elementor-widget-tg-heading\" data-id=\"d7273d4\" data-element_type=\"widget\" data-widget_type=\"tg-heading.default\">\n\t\t\t\t<div class=\"elementor-widget-container\">\n\t\t\t\n        \n            <div class=\"section-title-two tg-heading-subheading animation-style3\">\n                                    <span class=\"sub-title\">Soluciones Profesionales a la Medida<\/span>\n                                <h2 class=\"title tg-element-title\">Explora Todos Nuestros Servicios <\/h2>            <\/div>\n\n        \n\t\t<\/div>\n\t\t\t\t<\/div>\n\t\t\t\t\t<\/div>\n\t\t<\/div>\n\t\t\t\t<div class=\"elementor-column elementor-col-50 elementor-inner-column elementor-element elementor-element-23a3a95\" data-id=\"23a3a95\" data-element_type=\"column\">\n\t\t\t<div class=\"elementor-widget-wrap elementor-element-populated\">\n\t\t\t\t\t\t\t\t<div class=\"elementor-element elementor-element-af9592b elementor-widget__width-initial mx-auto me-lg-0 ms-lg-auto elementor-widget elementor-widget-heading\" data-id=\"af9592b\" data-element_type=\"widget\" data-widget_type=\"heading.default\">\n\t\t\t\t<div class=\"elementor-widget-container\">\n\t\t\t<style>\/*! elementor - v3.18.0 - 20-12-2023 *\/\n.elementor-heading-title{padding:0;margin:0;line-height:1}.elementor-widget-heading .elementor-heading-title[class*=elementor-size-]>a{color:inherit;font-size:inherit;line-height:inherit}.elementor-widget-heading .elementor-heading-title.elementor-size-small{font-size:15px}.elementor-widget-heading .elementor-heading-title.elementor-size-medium{font-size:19px}.elementor-widget-heading .elementor-heading-title.elementor-size-large{font-size:29px}.elementor-widget-heading .elementor-heading-title.elementor-size-xl{font-size:39px}.elementor-widget-heading .elementor-heading-title.elementor-size-xxl{font-size:59px}<\/style><p class=\"elementor-heading-title elementor-size-default\">Explora nuestra amplia gama de servicios expertos dise\u00f1ados a medida para adaptarse a tus necesidades y hacer crecer tu negocio con confianza y \u00e9xito.<\/p>\t\t<\/div>\n\t\t\t\t<\/div>\n\t\t\t\t\t<\/div>\n\t\t<\/div>\n\t\t\t\t\t\t\t<\/div>\n\t\t<\/section>\n\t\t\t\t<section class=\"elementor-section elementor-inner-section elementor-element elementor-element-a14e6f4 elementor-section-full_width elementor-section-height-default elementor-section-height-default\" data-id=\"a14e6f4\" data-element_type=\"section\">\n\t\t\t\t\t\t<div class=\"elementor-container elementor-column-gap-no\">\n\t\t\t\t\t<div class=\"elementor-column elementor-col-100 elementor-inner-column elementor-element elementor-element-b64c54b\" data-id=\"b64c54b\" data-element_type=\"column\">\n\t\t\t<div class=\"elementor-widget-wrap elementor-element-populated\">\n\t\t\t\t\t\t\t\t<div class=\"elementor-element elementor-element-a545096 elementor-widget elementor-widget-tg-servicesBox\" data-id=\"a545096\" data-element_type=\"widget\" data-widget_type=\"tg-servicesBox.default\">\n\t\t\t\t<div class=\"elementor-widget-container\">\n\t\t\t\n        \n            <div class=\"row justify-content-center\">\n                \n                                            <div class=\"col-xl-3 col-lg-4 col-md-6 col-sm-8\">\n                            <div class=\"services-item-two\">\n                                <div class=\"services-thumb-two\">\n                                    <img decoding=\"async\" src=\"https:\/\/www.aesconsulting.net\/wp-content\/uploads\/2023\/08\/Servicios-AES-6.jpg\" alt=\"Image\">\n\n                                                                    <\/div>\n                                <div class=\"services-content-two\">\n                                                                            <div class=\"icon\">\n                                            <i aria-hidden=\"true\" class=\"genix flaticon-report-1\"><\/i>                                        <\/div>\n                                                                        <h2 class=\"title\"><a href=\"https:\/\/www.aesconsulting.net\/?services=auditoria-financiera-externa\">Auditor\u00eda Financiera Externa<\/a><\/h2>\n                                                                            <p>Auditor\u00eda profesional que garantiza la precisi\u00f3n de tus estados financieros. Cumplimos con normativas internacionales para tu confianza.<\/p>\n                                                                    <\/div>\n                            <\/div>\n                        <\/div>\n                    \n                \n                                            <div class=\"col-xl-3 col-lg-4 col-md-6 col-sm-8\">\n                            <div class=\"services-item-two\">\n                                <div class=\"services-thumb-two\">\n                                    <img decoding=\"async\" src=\"https:\/\/www.aesconsulting.net\/wp-content\/uploads\/2023\/08\/Servicios-AES-4-1.jpg\" alt=\"Image\">\n\n                                                                    <\/div>\n                                <div class=\"services-content-two\">\n                                                                            <div class=\"icon\">\n                                            <i aria-hidden=\"true\" class=\"genix flaticon-briefcase-1\"><\/i>                                        <\/div>\n                                                                        <h2 class=\"title\"><a href=\"https:\/\/www.aesconsulting.net\/?services=auditoria-forense\">Auditor\u00eda Forense<\/a><\/h2>\n                                                                            <p>Descubre la verdad financiera con experiencia legal en auditor\u00eda forense de precisi\u00f3n y confiabilidad.<\/p>\n                                                                    <\/div>\n                            <\/div>\n                        <\/div>\n                    \n                \n                                            <div class=\"col-xl-3 col-lg-4 col-md-6 col-sm-8\">\n                            <div class=\"services-item-two\">\n                                <div class=\"services-thumb-two\">\n                                    <img decoding=\"async\" src=\"https:\/\/www.aesconsulting.net\/wp-content\/uploads\/2023\/08\/Servicios-AES-7.jpg\" alt=\"Image\">\n\n                                                                    <\/div>\n                                <div class=\"services-content-two\">\n                                                                            <div class=\"icon\">\n                                            <i aria-hidden=\"true\" class=\"genix flaticon-investment\"><\/i>                                        <\/div>\n                                                                        <h2 class=\"title\"><a href=\"https:\/\/www.aesconsulting.net\/?services=auditoria-operacional\">Auditor\u00eda Operacional<\/a><\/h2>\n                                                                            <p>Optimizamos eficiencia analizando actividades de tu empresa seg\u00fan normativas y metodolog\u00edas de auditor\u00eda reconocidas.<\/p>\n                                                                    <\/div>\n                            <\/div>\n                        <\/div>\n                    \n                \n                                            <div class=\"col-xl-3 col-lg-4 col-md-6 col-sm-8\">\n                            <div class=\"services-item-two\">\n                                <div class=\"services-thumb-two\">\n                                    <img decoding=\"async\" src=\"https:\/\/www.aesconsulting.net\/wp-content\/uploads\/2023\/08\/Servicios-AES-2-1.jpg\" alt=\"Image\">\n\n                                                                    <\/div>\n                                <div class=\"services-content-two\">\n                                                                            <div class=\"icon\">\n                                            <i aria-hidden=\"true\" class=\"genix flaticon-taxes\"><\/i>                                        <\/div>\n                                                                        <h2 class=\"title\"><a href=\"https:\/\/www.aesconsulting.net\/?services=asesoria-tributaria-e-impuestos\">Asesor\u00eda Tributaria e Impuestos<\/a><\/h2>\n                                                                            <p>Fusiones, conferencias, consultas y servicios fiscales para ejecutivos nacionales y extranjeros.<\/p>\n                                                                    <\/div>\n                            <\/div>\n                        <\/div>\n                    \n                \n                                            <div class=\"col-xl-3 col-lg-4 col-md-6 col-sm-8\">\n                            <div class=\"services-item-two\">\n                                <div class=\"services-thumb-two\">\n                                    <img decoding=\"async\" src=\"https:\/\/www.aesconsulting.net\/wp-content\/uploads\/2023\/08\/services06.jpg\" alt=\"Image\">\n\n                                                                    <\/div>\n                                <div class=\"services-content-two\">\n                                                                            <div class=\"icon\">\n                                            <i aria-hidden=\"true\" class=\"genix flaticon-challenges\"><\/i>                                        <\/div>\n                                                                        <h2 class=\"title\"><a href=\"https:\/\/www.aesconsulting.net\/?services=consultoria-general\">Consultor\u00eda General<\/a><\/h2>\n                                                                            <p>Soluciones integrales: seguridad de datos, constituci\u00f3n de compa\u00f1\u00edas, contabilidad, relaciones laborales y procedimientos.<\/p>\n                                                                    <\/div>\n                            <\/div>\n                        <\/div>\n                    \n                \n                                            <div class=\"col-xl-3 col-lg-4 col-md-6 col-sm-8\">\n                            <div class=\"services-item-two\">\n                                <div class=\"services-thumb-two\">\n                                    <img decoding=\"async\" src=\"https:\/\/www.aesconsulting.net\/wp-content\/uploads\/2023\/08\/Servicios-AES-3.jpg\" alt=\"Image\">\n\n                                                                    <\/div>\n                                <div class=\"services-content-two\">\n                                                                            <div class=\"icon\">\n                                            <i aria-hidden=\"true\" class=\"genix flaticon-budget\"><\/i>                                        <\/div>\n                                                                        <h2 class=\"title\"><a href=\"https:\/\/www.aesconsulting.net\/?services=registro-de-contabilidad\">Registro de Contabilidad<\/a><\/h2>\n                                                                            <p>Registro contable eficiente con software SAGE 50 - Peachtree personalizado para tus necesidades.<\/p>\n                                                                    <\/div>\n                            <\/div>\n                        <\/div>\n                    \n                \n                                            <div class=\"col-xl-3 col-lg-4 col-md-6 col-sm-8\">\n                            <div class=\"services-item-two\">\n                                <div class=\"services-thumb-two\">\n                                    <img decoding=\"async\" src=\"https:\/\/www.aesconsulting.net\/wp-content\/uploads\/2023\/08\/Servicios-AES-5.jpg\" alt=\"Image\">\n\n                                                                    <\/div>\n                                <div class=\"services-content-two\">\n                                                                            <div class=\"icon\">\n                                            <i aria-hidden=\"true\" class=\"genix flaticon-handshake\"><\/i>                                        <\/div>\n                                                                        <h2 class=\"title\"><a href=\"https:\/\/www.aesconsulting.net\/?services=asesoria-en-alta-gerencia\">Asesoria en Alta Gerencia<\/a><\/h2>\n                                                                            <p>Mejora operativa y estrat\u00e9gica: reingenier\u00eda, an\u00e1lisis financiero, valoraci\u00f3n de empresas y planes de negocios.<\/p>\n                                                                    <\/div>\n                            <\/div>\n                        <\/div>\n                    \n                \n                                            <div class=\"col-xl-3 col-lg-4 col-md-6 col-sm-8\">\n                            <div class=\"services-item-two\">\n                                <div class=\"services-thumb-two\">\n                                    <img decoding=\"async\" src=\"https:\/\/www.aesconsulting.net\/wp-content\/uploads\/2023\/10\/Servicios-AES-8.jpg\" alt=\"Image\">\n\n                                                                    <\/div>\n                                <div class=\"services-content-two\">\n                                                                            <div class=\"icon\">\n                                            <i aria-hidden=\"true\" class=\"genix flaticon-briefcase-1\"><\/i>                                        <\/div>\n                                                                        <h2 class=\"title\"><a href=\"https:\/\/www.aesconsulting.net\/?services=servicios-en-derecho-mercantil\">Servicios en Derecho Mercantil<\/a><\/h2>\n                                                                    <\/div>\n                            <\/div>\n                        <\/div>\n                    \n                \n                                            <div class=\"col-xl-3 col-lg-4 col-md-6 col-sm-8\">\n                            <div class=\"services-item-two\">\n                                <div class=\"services-thumb-two\">\n                                    <img decoding=\"async\" src=\"https:\/\/www.aesconsulting.net\/wp-content\/uploads\/2023\/10\/Servicios-AES-11.jpg\" alt=\"Image\">\n\n                                                                    <\/div>\n                                <div class=\"services-content-two\">\n                                                                            <div class=\"icon\">\n                                            <i aria-hidden=\"true\" class=\"genix flaticon-money\"><\/i>                                        <\/div>\n                                                                        <h2 class=\"title\"><a href=\"https:\/\/www.aesconsulting.net\/?services=servicios-en-derecho-fiscal\">Servicios en Derecho Fiscal<\/a><\/h2>\n                                                                    <\/div>\n                            <\/div>\n                        <\/div>\n                    \n                \n                                            <div class=\"col-xl-3 col-lg-4 col-md-6 col-sm-8\">\n                            <div class=\"services-item-two\">\n                                <div class=\"services-thumb-two\">\n                                    <img decoding=\"async\" src=\"https:\/\/www.aesconsulting.net\/wp-content\/uploads\/2023\/10\/Servicios-AES-9.jpg\" alt=\"Image\">\n\n                                                                    <\/div>\n                                <div class=\"services-content-two\">\n                                                                            <div class=\"icon\">\n                                            <i aria-hidden=\"true\" class=\"genix flaticon-save-money\"><\/i>                                        <\/div>\n                                                                        <h2 class=\"title\"><a href=\"https:\/\/www.aesconsulting.net\/?services=servicio-en-apertura-de-cuenta-en-bancos\">Servicio en Apertura de Cuenta en Bancos<\/a><\/h2>\n                                                                    <\/div>\n                            <\/div>\n                        <\/div>\n                    \n                \n                                            <div class=\"col-xl-3 col-lg-4 col-md-6 col-sm-8\">\n                            <div class=\"services-item-two\">\n                                <div class=\"services-thumb-two\">\n                                    <img decoding=\"async\" src=\"https:\/\/www.aesconsulting.net\/wp-content\/uploads\/2023\/10\/Servicios-AES-10.jpg\" alt=\"Image\">\n\n                                                                    <\/div>\n                                <div class=\"services-content-two\">\n                                                                            <div class=\"icon\">\n                                            <i aria-hidden=\"true\" class=\"genix flaticon-settings\"><\/i>                                        <\/div>\n                                                                        <h2 class=\"title\"><a href=\"https:\/\/www.aesconsulting.net\/?services=servicio-y-asesoria-en-materias-de-cumplimiento-de-debida-diligencia-y-agentes-residente\">Asesor\u00eda en Materias de Cumplimiento<\/a><\/h2>\n                                                                    <\/div>\n                            <\/div>\n                        <\/div>\n                    \n                            <\/div>\n\n        \n\t\t<\/div>\n\t\t\t\t<\/div>\n\t\t\t\t\t<\/div>\n\t\t<\/div>\n\t\t\t\t\t\t\t<\/div>\n\t\t<\/section>\n\t\t\t\t\t<\/div>\n\t\t<\/div>\n\t\t\t\t\t\t\t<\/div>\n\t\t<\/section>\n\t\t\t\t<section class=\"elementor-section elementor-top-section elementor-element elementor-element-755ac9d elementor-section-boxed elementor-section-height-default elementor-section-height-default\" data-id=\"755ac9d\" data-element_type=\"section\">\n\t\t\t\t\t\t<div class=\"elementor-container elementor-column-gap-no\">\n\t\t\t\t\t<div class=\"elementor-column elementor-col-100 elementor-top-column elementor-element elementor-element-643cb8d\" data-id=\"643cb8d\" data-element_type=\"column\">\n\t\t\t<div class=\"elementor-widget-wrap elementor-element-populated\">\n\t\t\t\t\t\t\t\t<div class=\"elementor-element elementor-element-6f98479 elementor-widget elementor-widget-image-carousel\" data-id=\"6f98479\" data-element_type=\"widget\" data-settings=\"{&quot;slides_to_show&quot;:&quot;5&quot;,&quot;slides_to_scroll&quot;:&quot;1&quot;,&quot;navigation&quot;:&quot;none&quot;,&quot;pause_on_interaction&quot;:&quot;no&quot;,&quot;autoplay_speed&quot;:2000,&quot;speed&quot;:300,&quot;image_spacing_custom&quot;:{&quot;unit&quot;:&quot;px&quot;,&quot;size&quot;:80,&quot;sizes&quot;:[]},&quot;autoplay&quot;:&quot;yes&quot;,&quot;pause_on_hover&quot;:&quot;yes&quot;,&quot;infinite&quot;:&quot;yes&quot;,&quot;image_spacing_custom_tablet&quot;:{&quot;unit&quot;:&quot;px&quot;,&quot;size&quot;:&quot;&quot;,&quot;sizes&quot;:[]},&quot;image_spacing_custom_mobile&quot;:{&quot;unit&quot;:&quot;px&quot;,&quot;size&quot;:&quot;&quot;,&quot;sizes&quot;:[]}}\" data-widget_type=\"image-carousel.default\">\n\t\t\t\t<div class=\"elementor-widget-container\">\n\t\t\t<style>\/*! elementor - v3.18.0 - 20-12-2023 *\/\n.elementor-widget-image-carousel .swiper,.elementor-widget-image-carousel .swiper-container{position:static}.elementor-widget-image-carousel .swiper-container .swiper-slide figure,.elementor-widget-image-carousel .swiper .swiper-slide figure{line-height:inherit}.elementor-widget-image-carousel .swiper-slide{text-align:center}.elementor-image-carousel-wrapper:not(.swiper-container-initialized):not(.swiper-initialized) .swiper-slide{max-width:calc(100% \/ var(--e-image-carousel-slides-to-show, 3))}<\/style>\t\t<div class=\"elementor-image-carousel-wrapper swiper\" dir=\"ltr\">\n\t\t\t<div class=\"elementor-image-carousel swiper-wrapper\" aria-live=\"off\">\n\t\t\t\t\t\t\t\t<div class=\"swiper-slide\" role=\"group\" aria-roledescription=\"slide\" aria-label=\"1 de 6\"><figure class=\"swiper-slide-inner\"><img decoding=\"async\" class=\"swiper-slide-image\" src=\"https:\/\/www.aesconsulting.net\/wp-content\/uploads\/2023\/10\/1.jpg\" alt=\"1\" \/><\/figure><\/div><div class=\"swiper-slide\" role=\"group\" aria-roledescription=\"slide\" aria-label=\"2 de 6\"><figure class=\"swiper-slide-inner\"><img decoding=\"async\" class=\"swiper-slide-image\" src=\"https:\/\/www.aesconsulting.net\/wp-content\/uploads\/2023\/10\/2.jpg\" alt=\"2\" \/><\/figure><\/div><div class=\"swiper-slide\" role=\"group\" aria-roledescription=\"slide\" aria-label=\"3 de 6\"><figure class=\"swiper-slide-inner\"><img decoding=\"async\" class=\"swiper-slide-image\" src=\"https:\/\/www.aesconsulting.net\/wp-content\/uploads\/2024\/01\/logos-AES.jpg\" alt=\"logos AES\" \/><\/figure><\/div><div class=\"swiper-slide\" role=\"group\" aria-roledescription=\"slide\" aria-label=\"4 de 6\"><figure class=\"swiper-slide-inner\"><img decoding=\"async\" class=\"swiper-slide-image\" src=\"https:\/\/www.aesconsulting.net\/wp-content\/uploads\/2023\/10\/4.jpg\" alt=\"4\" \/><\/figure><\/div><div class=\"swiper-slide\" role=\"group\" aria-roledescription=\"slide\" aria-label=\"5 de 6\"><figure class=\"swiper-slide-inner\"><img decoding=\"async\" class=\"swiper-slide-image\" src=\"https:\/\/www.aesconsulting.net\/wp-content\/uploads\/2023\/10\/6.jpg\" alt=\"6\" \/><\/figure><\/div><div class=\"swiper-slide\" role=\"group\" aria-roledescription=\"slide\" aria-label=\"6 de 6\"><figure class=\"swiper-slide-inner\"><img decoding=\"async\" class=\"swiper-slide-image\" src=\"https:\/\/www.aesconsulting.net\/wp-content\/uploads\/2023\/10\/4.svg\" alt=\"4\" \/><\/figure><\/div>\t\t\t<\/div>\n\t\t\t\t\t\t\t\n\t\t\t\t\t\t\t\t\t<\/div>\n\t\t\t\t<\/div>\n\t\t\t\t<\/div>\n\t\t\t\t\t<\/div>\n\t\t<\/div>\n\t\t\t\t\t\t\t<\/div>\n\t\t<\/section>\n\t\t\t\t\t\t\t<\/div>\n\t\t","protected":false},"excerpt":{"rendered":"<p>Soluciones Profesionales a la Medida Explora Todos Nuestros Servicios Explora nuestra amplia gama de servicios expertos dise\u00f1ados a medida para adaptarse a tus necesidades y hacer crecer tu negocio con confianza y \u00e9xito. Auditor\u00eda Financiera Externa Auditor\u00eda profesional que garantiza la precisi\u00f3n de tus estados financieros. Cumplimos con normativas internacionales para tu confianza. Auditor\u00eda Forense [&hellip;]<\/p>\n","protected":false},"author":1,"featured_media":0,"parent":0,"menu_order":0,"comment_status":"closed","ping_status":"closed","template":"elementor_header_footer","meta":{"_themeisle_gutenberg_block_has_review":false,"_joinchat":[],"footnotes":""},"class_list":["post-83","page","type-page","status-publish","hentry"],"acf":[],"lang":"es","translations":{"es":83,"en":1706},"pll_sync_post":[],"_links":{"self":[{"href":"https:\/\/www.aesconsulting.net\/index.php?rest_route=\/wp\/v2\/pages\/83","targetHints":{"allow":["GET"]}}],"collection":[{"href":"https:\/\/www.aesconsulting.net\/index.php?rest_route=\/wp\/v2\/pages"}],"about":[{"href":"https:\/\/www.aesconsulting.net\/index.php?rest_route=\/wp\/v2\/types\/page"}],"author":[{"embeddable":true,"href":"https:\/\/www.aesconsulting.net\/index.php?rest_route=\/wp\/v2\/users\/1"}],"replies":[{"embeddable":true,"href":"https:\/\/www.aesconsulting.net\/index.php?rest_route=%2Fwp%2Fv2%2Fcomments&post=83"}],"version-history":[{"count":47,"href":"https:\/\/www.aesconsulting.net\/index.php?rest_route=\/wp\/v2\/pages\/83\/revisions"}],"predecessor-version":[{"id":1824,"href":"https:\/\/www.aesconsulting.net\/index.php?rest_route=\/wp\/v2\/pages\/83\/revisions\/1824"}],"wp:attachment":[{"href":"https:\/\/www.aesconsulting.net\/index.php?rest_route=%2Fwp%2Fv2%2Fmedia&parent=83"}],"curies":[{"name":"wp","href":"https:\/\/api.w.org\/{rel}","templated":true}]}}